{"id":47,"date":"2023-09-19T11:08:48","date_gmt":"2023-09-19T11:08:48","guid":{"rendered":"http:\/\/lasbachschule.de\/?page_id=47"},"modified":"2025-07-07T12:21:59","modified_gmt":"2025-07-07T10:21:59","slug":"kita-villa-regenbogen","status":"publish","type":"page","link":"https:\/\/kinder-quierschied.de\/?page_id=47","title":{"rendered":"Kita Villa Regenbogen"},"content":{"rendered":"\n<div class=\"wp-block-media-text is-stacked-on-mobile\"><figure class=\"wp-block-media-text__media\"><img fetchpriority=\"high\" decoding=\"async\" width=\"1024\" height=\"768\" src=\"https:\/\/kinder-quierschied.de\/wp-content\/uploads\/2025\/07\/IMG_5703-1-1024x768.jpg\" alt=\"\" class=\"wp-image-1134 size-full\" srcset=\"https:\/\/kinder-quierschied.de\/wp-content\/uploads\/2025\/07\/IMG_5703-1-1024x768.jpg 1024w, https:\/\/kinder-quierschied.de\/wp-content\/uploads\/2025\/07\/IMG_5703-1-300x225.jpg 300w, https:\/\/kinder-quierschied.de\/wp-content\/uploads\/2025\/07\/IMG_5703-1-768x576.jpg 768w, https:\/\/kinder-quierschied.de\/wp-content\/uploads\/2025\/07\/IMG_5703-1-1536x1152.jpg 1536w, https:\/\/kinder-quierschied.de\/wp-content\/uploads\/2025\/07\/IMG_5703-1-2048x1536.jpg 2048w\" sizes=\"(max-width: 1024px) 100vw, 1024px\" \/><\/figure><div class=\"wp-block-media-text__content\">\n<p><mark style=\"background-color:rgba(0, 0, 0, 0)\" class=\"has-inline-color has-luminous-vivid-amber-color\">Leiterin: Silke Thomas<\/mark><\/p>\n\n\n\n<p><mark style=\"background-color:rgba(0, 0, 0, 0)\" class=\"has-inline-color has-vivid-red-color\">Im Eisengraben 26, 66287 Quierschied<\/mark><\/p>\n\n\n\n<p><mark style=\"background-color:rgba(0, 0, 0, 0)\" class=\"has-inline-color has-vivid-green-cyan-color\">Tel.: 06897 680888<\/mark><\/p>\n\n\n\n<p><a href=\"mailto:Kita-Villaregenbogen@quierschied.de\">Kita-Villaregenbogen@quierschied.de<\/a><\/p>\n\n\n\n<p><mark style=\"background-color:rgba(0, 0, 0, 0)\" class=\"has-inline-color has-vivid-purple-color\">\u00d6ffnungszeiten: Mo. &#8211; Fr. 7.00 \u2013 17.00 Uhr<\/mark><\/p>\n<\/div><\/div>\n\n\n\n<div style=\"height:44px\" aria-hidden=\"true\" class=\"wp-block-spacer\"><\/div>\n\n\n\n<h2 class=\"wp-block-heading\">Aktuelles<\/h2>\n\n\n\n<div class=\"wp-block-group\"><div class=\"wp-block-group__inner-container is-layout-constrained wp-block-group-is-layout-constrained\"><ul class=\"wp-block-latest-posts__list has-dates wp-block-latest-posts\"><li><div class=\"wp-block-latest-posts__featured-image alignright\"><img decoding=\"async\" width=\"150\" height=\"150\" src=\"https:\/\/kinder-quierschied.de\/wp-content\/uploads\/2026\/05\/65a30d3b-fcdf-4e86-bee1-92e845904376-150x150.jpeg\" class=\"attachment-thumbnail size-thumbnail wp-post-image\" alt=\"\" style=\"\" srcset=\"https:\/\/kinder-quierschied.de\/wp-content\/uploads\/2026\/05\/65a30d3b-fcdf-4e86-bee1-92e845904376-150x150.jpeg 150w, https:\/\/kinder-quierschied.de\/wp-content\/uploads\/2026\/05\/65a30d3b-fcdf-4e86-bee1-92e845904376-300x300.jpeg 300w, https:\/\/kinder-quierschied.de\/wp-content\/uploads\/2026\/05\/65a30d3b-fcdf-4e86-bee1-92e845904376-768x768.jpeg 768w, https:\/\/kinder-quierschied.de\/wp-content\/uploads\/2026\/05\/65a30d3b-fcdf-4e86-bee1-92e845904376.jpeg 800w\" sizes=\"(max-width: 150px) 100vw, 150px\" \/><\/div><a class=\"wp-block-latest-posts__post-title\" href=\"https:\/\/kinder-quierschied.de\/?p=3050\">Werde Teil von etwas Besonderem!\u263a\ufe0f\ud83c\udf08<\/a><time datetime=\"2026-05-06T09:54:39+02:00\" class=\"wp-block-latest-posts__post-date\">6. Mai 2026<\/time><div class=\"wp-block-latest-posts__post-excerpt\"><\/div><\/li>\n<li><div class=\"wp-block-latest-posts__featured-image alignright\"><img decoding=\"async\" width=\"150\" height=\"150\" src=\"https:\/\/kinder-quierschied.de\/wp-content\/uploads\/2026\/04\/100_0029-scaled-e1776348417598-150x150.jpg\" class=\"attachment-thumbnail size-thumbnail wp-post-image\" alt=\"\" style=\"\" \/><\/div><a class=\"wp-block-latest-posts__post-title\" href=\"https:\/\/kinder-quierschied.de\/?p=2957\">Ein spannender Vormittag bei der Feuerwehr in Quierschied!\ud83d\ude92<\/a><time datetime=\"2026-04-16T16:08:38+02:00\" class=\"wp-block-latest-posts__post-date\">16. April 2026<\/time><div class=\"wp-block-latest-posts__post-excerpt\">Am Dienstag, den 14. April 2026, war es endlich so weit: Unsere Vorschulkinder durften die Freiwillige Feuerwehr in Quierschied besuchen \u2013 und die Aufregung war schon auf dem Weg dorthin riesig! In zwei Gruppen aufgeteilt, bekamen die 16 Kinder einen exklusiven Einblick in die Welt der Feuerwehr. Die Feuerwehrm\u00e4nner pr\u00e4sentierten\u2026\u00a0<a class=\"wp-block-latest-posts__read-more\" href=\"https:\/\/kinder-quierschied.de\/?p=2957\" rel=\"noopener noreferrer\"><span class=\"screen-reader-text\">Ein spannender Vormittag bei der Feuerwehr in Quierschied!\ud83d\ude92 <\/span>weiterlesen<\/a><\/div><\/li>\n<li><div class=\"wp-block-latest-posts__featured-image alignright\"><img loading=\"lazy\" decoding=\"async\" width=\"150\" height=\"150\" src=\"https:\/\/kinder-quierschied.de\/wp-content\/uploads\/2026\/04\/IMG_7046-150x150.jpeg\" class=\"attachment-thumbnail size-thumbnail wp-post-image\" alt=\"\" style=\"\" \/><\/div><a class=\"wp-block-latest-posts__post-title\" href=\"https:\/\/kinder-quierschied.de\/?p=2924\">Starke Kinder, starke Rechte: Unser Projekt zum Thema &#8222;Kinderrechte\u201c\ud83d\udcaa<\/a><time datetime=\"2026-04-01T14:45:28+02:00\" class=\"wp-block-latest-posts__post-date\">1. April 2026<\/time><div class=\"wp-block-latest-posts__post-excerpt\">Auch in diesem Kindergartenjahr wurde in der KiTa Villa Regenbogen das Projekt \u201eKinderrechte\u201c mit den zuk\u00fcnftigen Schulkindern durchgef\u00fchrt. Kinderrechte sind ein zentrales Fundament f\u00fcr ein respektvolles und gerechtes Zusammenleben. Sie sichern jedem Kind Schutz, F\u00f6rderung und Beteiligung- unabh\u00e4ngig von Herkunft, Geschlecht oder sozialen Status. Gerade im Kindesalter ist es entscheidend,\u2026\u00a0<a class=\"wp-block-latest-posts__read-more\" href=\"https:\/\/kinder-quierschied.de\/?p=2924\" rel=\"noopener noreferrer\"><span class=\"screen-reader-text\">Starke Kinder, starke Rechte: Unser Projekt zum Thema &#8222;Kinderrechte\u201c\ud83d\udcaa <\/span>weiterlesen<\/a><\/div><\/li>\n<li><div class=\"wp-block-latest-posts__featured-image alignright\"><img loading=\"lazy\" decoding=\"async\" width=\"150\" height=\"150\" src=\"https:\/\/kinder-quierschied.de\/wp-content\/uploads\/2026\/03\/100_0017-150x150.jpg\" class=\"attachment-thumbnail size-thumbnail wp-post-image\" alt=\"\" style=\"\" \/><\/div><a class=\"wp-block-latest-posts__post-title\" href=\"https:\/\/kinder-quierschied.de\/?p=2892\">Picobello 2026 \u2013 Unsere Vorschulkinder im Einsatz f\u00fcr die Umwelt\ud83c\udf33\ud83c\udf0f<\/a><time datetime=\"2026-03-20T10:33:35+01:00\" class=\"wp-block-latest-posts__post-date\">20. M\u00e4rz 2026<\/time><div class=\"wp-block-latest-posts__post-excerpt\">Im Rahmen der diesj\u00e4hrigen Picobello-Aktion haben sich unsere Vorschulkinder mit gro\u00dfem Engagement auf die Suche nach M\u00fcll gemacht \u2013 und sind dabei mehr als f\u00fcndig geworden. Ausgestattet mit Handschuhen und Greifzangen machten sich die Kinder auf den Weg, um ihre Umgebung ein St\u00fcck sauberer zu machen. Mit viel Eifer und\u2026\u00a0<a class=\"wp-block-latest-posts__read-more\" href=\"https:\/\/kinder-quierschied.de\/?p=2892\" rel=\"noopener noreferrer\"><span class=\"screen-reader-text\">Picobello 2026 \u2013 Unsere Vorschulkinder im Einsatz f\u00fcr die Umwelt\ud83c\udf33\ud83c\udf0f <\/span>weiterlesen<\/a><\/div><\/li>\n<li><a class=\"wp-block-latest-posts__post-title\" href=\"https:\/\/kinder-quierschied.de\/?p=2820\">Die Kita Villa Regenbogen im wilden Faschingsfieber<\/a><time datetime=\"2026-02-16T13:06:51+01:00\" class=\"wp-block-latest-posts__post-date\">16. Februar 2026<\/time><div class=\"wp-block-latest-posts__post-excerpt\">Am Freitag, den 13. Februar 2026, hie\u00df es bei uns in der Kita Villa Regenbogen wieder \u201eAlleh Hopp!\u201c. Unter dem Motto \u201eBunte Fantasiewelten &amp; Fu\u00dfballfieber\u201c kamen unsere Kinder in ihren ganz pers\u00f6nlichen Wunschkost\u00fcmen und verwandelten unsere Kita in eine bunte Faschingswelt. Ob Fu\u00dfballspieler und Fu\u00dfballfeen, Prinzessinnen, Elsas, Schmetterlinge oder viele\u2026\u00a0<a class=\"wp-block-latest-posts__read-more\" href=\"https:\/\/kinder-quierschied.de\/?p=2820\" rel=\"noopener noreferrer\"><span class=\"screen-reader-text\">Die Kita Villa Regenbogen im wilden Faschingsfieber <\/span>weiterlesen<\/a><\/div><\/li>\n<\/ul><\/div><\/div>\n","protected":false},"excerpt":{"rendered":"<p>Leiterin: Silke Thomas Im Eisengraben 26, 66287 Quierschied Tel.: 06897 680888 Kita-Villaregenbogen@quierschied.de \u00d6ffnungszeiten: Mo. &#8211; Fr. 7.00 \u2013 17.00 Uhr Aktuelles<\/p>\n","protected":false},"author":1,"featured_media":0,"parent":0,"menu_order":0,"comment_status":"closed","ping_status":"closed","template":"","meta":{"footnotes":""},"class_list":["post-47","page","type-page","status-publish","hentry"],"_links":{"self":[{"href":"https:\/\/kinder-quierschied.de\/index.php?rest_route=\/wp\/v2\/pages\/47","targetHints":{"allow":["GET"]}}],"collection":[{"href":"https:\/\/kinder-quierschied.de\/index.php?rest_route=\/wp\/v2\/pages"}],"about":[{"href":"https:\/\/kinder-quierschied.de\/index.php?rest_route=\/wp\/v2\/types\/page"}],"author":[{"embeddable":true,"href":"https:\/\/kinder-quierschied.de\/index.php?rest_route=\/wp\/v2\/users\/1"}],"replies":[{"embeddable":true,"href":"https:\/\/kinder-quierschied.de\/index.php?rest_route=%2Fwp%2Fv2%2Fcomments&post=47"}],"version-history":[{"count":0,"href":"https:\/\/kinder-quierschied.de\/index.php?rest_route=\/wp\/v2\/pages\/47\/revisions"}],"wp:attachment":[{"href":"https:\/\/kinder-quierschied.de\/index.php?rest_route=%2Fwp%2Fv2%2Fmedia&parent=47"}],"curies":[{"name":"wp","href":"https:\/\/api.w.org\/{rel}","templated":true}]}}