{"id":456,"date":"2024-04-22T10:44:29","date_gmt":"2024-04-22T08:44:29","guid":{"rendered":"https:\/\/kinder-quierschied.de\/?page_id=456"},"modified":"2025-08-17T17:01:43","modified_gmt":"2025-08-17T15:01:43","slug":"nachmittagsbetreuung-fischbach","status":"publish","type":"page","link":"https:\/\/kinder-quierschied.de\/?page_id=456","title":{"rendered":"FGTS"},"content":{"rendered":"\n<p class=\"has-large-font-size\">Standort Fischbach-Camphausen<\/p>\n\n\n\n<p>Standortleitung: Fadila Roumi<br><\/p>\n\n\n\n<p class=\"has-large-font-size\">Standort G\u00f6ttelborn<\/p>\n\n\n\n<p>Standortleitung: Monika Rink<\/p>\n\n\n\n<p><\/p>\n\n\n\n<p class=\"has-large-font-size\">Das Leitbild der ABG gGmbH in der FGTS<\/p>\n\n\n\n<p>Kinderbetreuung an Freiwilligen Ganztagsschulen sehen wir als Beitrag zur sozial- und arbeitsmarktpolitischen F\u00f6rderung unserer Kommune, Bund und Land. In guter Zusammenarbeit mit den Gemeinden, mit den jeweiligen Schulen, mit Eltern und Kindern werden von ausgebildeten ErzieherInnen und HelferInnen gemeinsam Mahlzeiten, Freizeitangebote nach Bedarf vor und nach dem Unterricht und in den Ferien, angeboten. Unser Ziel ist es, die uns anvertrauten Kinder in ihrer sozialen, kulturellen und \u00f6konomischen Entwicklung zu f\u00f6rdern. Es ist uns wichtig, sie pers\u00f6nlichkeitsbildend und sozialintegrierend zu leiten, ihnen Geborgenheit und Lebensfreude zu erm\u00f6glichen, ihnen Werte, Bildung und Kreativit\u00e4t zu vermitteln. Erwerbst\u00e4tigen Eltern und solchen, die sich auf den Arbeitsmarkt begeben, wollen wir die Vereinbarkeit von Beruf und Familie erleichtern. Dies streben wir an, indem wir strukturell und fallbezogen mit Erziehungsberechtigten und unseren Partnern zusammenarbeiten, Bedarfe erkennen und beantworten, aus den Erfahrungen der Teams lernen, Anregungen und Kritik ernst nehmen, uns stetig weiterbilden und Verbesserungen entwickeln.<\/p>\n\n\n\n<p><strong>P\u00e4dagogische Ausrichtung:<\/strong><\/p>\n\n\n\n<p>Die Grundschule Fischbach-G\u00f6ttelborn verfolgt in ihrem p\u00e4dagogischen Konzept die Aufgabe, die uns anvertrauten Kinder so zu bilden und zu erziehen, dass sie bestm\u00f6gliche Startm\u00f6glichkeiten f\u00fcr ihr sp\u00e4teres privates und berufliches Leben erhalten. Wir wollen soziales Verhalten, Verantwortungsbewusstsein und Selbstverantwortung entwickeln und zu gegenseitiger Achtung erziehen. All das l\u00e4sst sich nur in einer guten Betreuungsgemeinschaft und einem guten menschlichen Miteinander verwirklichen. Markante Erziehungs- bzw. F\u00f6rderma\u00dfnahmen erfolgen stets in wechselseitiger Absprache zwischen Grundschulleitung, Lehrerkollegium, und Leitung der FGTS.<\/p>\n\n\n\n<p><strong>Kosten der Betreuung:<\/strong><\/p>\n\n\n\n<p>Die Erziehungsberechtigten k\u00f6nnen zwischen zwei Angeboten w\u00e4hlen.<\/p>\n\n\n\n<p>Im kurzen Angebot nehmen die Sch\u00fclerInnen lediglich am Mittagsessen und der Hausaufgabenbetreuung durch die LehrerInnen der Schule teil. Dieses Angebot kostet 30,00 \u20ac pro Monat. Sind zwei oder mehr Geschwisterkinder angemeldet, belaufen sich die Kosten auf 20,00 \u20ac pro Monat f\u00fcr jedes Geschwisterkind. Die Beitr\u00e4ge werden auch in den Ferienmonaten eingezogen. Sollte der\/die Sch\u00fcler\/in Bedarf an einer Betreuung bis 17.00 Uhr haben, so fallen als Kosten der reduzierte Tagessatz von 3,00 \u20ac an.<\/p>\n\n\n\n<p>Im langen Angebot k\u00f6nnen die Sch\u00fclerInnen an allen Angeboten und Aktivit\u00e4ten der Betreuung teilnehmen. Dies beinhaltet das Mittagessen und das freie Spielen, die Hausaufgabenbetreuung durch die LehrerInnen der Schule, zus\u00e4tzliche Lernzeit und das p\u00e4dagogische Freizeitangebot, die Projekte und die Arbeitsgemeinschaften. Dies kostet 60,00 \u20ac pro Monat. Sind zwei oder mehr Geschwisterkinder angemeldet, belaufen sich die Kosten auf 40,00 \u20ac pro Monat f\u00fcr jedes Geschwisterkind. Die Beitr\u00e4ge werden auch in den Ferienmonaten eingezogen.<\/p>\n\n\n\n<p>Der Mittagstisch wird mit 3,50 \u20ac pro Teilnahme gesondert berechnet.<\/p>\n\n\n\n<p>Sofern Erziehungsberechtigte nur \u00fcber ein geringes Einkommen verf\u00fcgen, k\u00f6nnen die Kosten f\u00fcr den Monatsbeitrag ganz und der Mittagstisch anteilig vom Jugendamt \u00fcbernommen werden.<\/p>\n\n\n\n<p>Weitere Ausk\u00fcnfte erhalten Sie telefonisch im Sekretariat der ABG gGmbH gGmbH unter 06806 95215 \u2013 30 und ab 12.00 Uhr in den jeweiligen Betreuungen.<br><\/p>\n","protected":false},"excerpt":{"rendered":"<p>Standort Fischbach-Camphausen Standortleitung: Fadila Roumi Standort G\u00f6ttelborn Standortleitung: Monika Rink Das Leitbild der ABG gGmbH in der FGTS Kinderbetreuung an Freiwilligen Ganztagsschulen sehen wir als Beitrag zur sozial- und arbeitsmarktpolitischen F\u00f6rderung unserer Kommune, Bund und Land. In guter Zusammenarbeit mit den Gemeinden, mit den jeweiligen Schulen, mit Eltern und Kindern werden von ausgebildeten ErzieherInnen und [&hellip;]<\/p>\n","protected":false},"author":1,"featured_media":0,"parent":57,"menu_order":0,"comment_status":"closed","ping_status":"closed","template":"","meta":{"footnotes":""},"class_list":["post-456","page","type-page","status-publish","hentry"],"_links":{"self":[{"href":"https:\/\/kinder-quierschied.de\/index.php?rest_route=\/wp\/v2\/pages\/456","targetHints":{"allow":["GET"]}}],"collection":[{"href":"https:\/\/kinder-quierschied.de\/index.php?rest_route=\/wp\/v2\/pages"}],"about":[{"href":"https:\/\/kinder-quierschied.de\/index.php?rest_route=\/wp\/v2\/types\/page"}],"author":[{"embeddable":true,"href":"https:\/\/kinder-quierschied.de\/index.php?rest_route=\/wp\/v2\/users\/1"}],"replies":[{"embeddable":true,"href":"https:\/\/kinder-quierschied.de\/index.php?rest_route=%2Fwp%2Fv2%2Fcomments&post=456"}],"version-history":[{"count":0,"href":"https:\/\/kinder-quierschied.de\/index.php?rest_route=\/wp\/v2\/pages\/456\/revisions"}],"up":[{"embeddable":true,"href":"https:\/\/kinder-quierschied.de\/index.php?rest_route=\/wp\/v2\/pages\/57"}],"wp:attachment":[{"href":"https:\/\/kinder-quierschied.de\/index.php?rest_route=%2Fwp%2Fv2%2Fmedia&parent=456"}],"curies":[{"name":"wp","href":"https:\/\/api.w.org\/{rel}","templated":true}]}}