{"id":416,"date":"2024-02-23T12:21:47","date_gmt":"2024-02-23T11:21:47","guid":{"rendered":"https:\/\/kinder-quierschied.de\/?page_id=416"},"modified":"2025-08-19T14:23:18","modified_gmt":"2025-08-19T12:23:18","slug":"datenschutz","status":"publish","type":"page","link":"https:\/\/kinder-quierschied.de\/?page_id=416","title":{"rendered":"Datenschutzerkl\u00e4rung"},"content":{"rendered":"\n<p>Die nachfolgende Datenschutzerkl\u00e4rung umfasst die im Zusammenhang mit der Nutzung der Internet-Angebote, die unter der Adresse www.kinder-quierschied.de abgerufen werden k\u00f6nnen, stattfindenden Verarbeitungsvorg\u00e4nge personenbezogener Daten durch die Gemeinde Quierschied, Rathausplatz 1, 66287 Quierschied, vertreten durch Herrn B\u00fcrgermeister Lutz Maurer.<\/p>\n\n\n\n<p>Hier geht es zur<a href=\"https:\/\/kinder-quierschied.de\/?page_id=2015\" data-type=\"page\" data-id=\"2015\"> Cookie-Richtlinien-Seite<\/a>.<\/p>\n\n\n\n<p>1. Die Nutzung dieses Internet-Angebots ist grunds\u00e4tzlich ohne die Angabe personenbezogener Daten m\u00f6glich. Soweit &#8211; etwa \u00fcber Anmeldeformulare oder ein Kontaktformular &#8211; personenbezogene Daten wie z.B. Name, Anschrift, E-Mail-Adresse etc. erhoben werden, geschieht dies wenn immer m\u00f6glich auf freiwilliger Basis. Es wird darauf hingewiesen, dass die \u00dcbertragung von Daten \u00fcber das Internet Sicherheitsl\u00fccken aufweisen kann. Ein l\u00fcckenloser Schutz vor einem Zugriff auf die Daten\u00fcbermittlung durch Dritte ist nicht realisierbar. Die uns von Ihnen zur Verf\u00fcgung gestellten Daten werden wir ausschlie\u00dflich f\u00fcr die Bearbeitung Ihrer Anfrage verwendet. Eine Speicherung erfolgt nur so lange, bis die Bearbeitung abgeschlossen ist, es sei denn, es best\u00fcnden im Einzelfall dar\u00fcber hinausgehende gesetzliche Aufbewahrungspflichten.<\/p>\n\n\n\n<p>2. Aufgrund der technischen Funktionsweise des Internets werden durch den Server in den Log-Files automatisch \u00fcbertragene Informationen gespeichert. Hierbei handelt es sich um den Browsertyp, das verwendete Betriebssystem, die Referrer-URL, die Internet-Protokoll-Adresse des zugreifenden Rechners und die Uhrzeit der Serveranfrage. IP-Adressen werden im access log teilanonymisiert gespeichert. Diese Informationen k\u00f6nnen nicht ohne weiteres einer bestimmten Person zugeordnet werden. Es bleibt jedoch vorbehalten, diese Informationen nachtr\u00e4glich zu pr\u00fcfen, wenn konkrete Anhaltspunkte f\u00fcr eine rechtswidrige Nutzung dieses Internet-Angebotes vorliegen. &nbsp;<\/p>\n\n\n\n<p>3. Diese Webseite wird auf den Servern der STRATO AG, Otto-Ostrowski-Stra\u00dfe 7, 10249 Berlin, gehostet. Die von uns in Anspruch genommenen Hosting-Leistungen dienen der Zurverf\u00fcgungstellung der folgenden Leistungen: Infrastruktur- und Plattformdienstleistungen, Rechenkapazit\u00e4t, Speicherplatz und Datenbankdienste, Sicherheitsleistungen sowie technische Wartungsleistungen, die wir zum Zwecke des Betriebs dieser Webseite einsetzen. Rechtsgrundlage f\u00fcr die Nutzung der Hostingdienstleistungen ist die Wahrung unserer berechtigten Interessen an der Analyse, Optimierung und dem wirtschaftlichen und sicheren Betrieb unserer Webseite (s. Art. 6 Abs. 1 S. 1 lit. f DSGVO).<br>Hierbei verarbeitet unser Hostinganbieter personenbezogene Daten. Die Daten werden so lange gespeichert, wie es einen Zweck hierf\u00fcr gibt. Danach werden die Daten gel\u00f6scht, es sei denn, dass gesetzliche Aufbewahrungspflichten dem entgegen stehen.<\/p>\n\n\n\n<p>5. F\u00fcr etwaige R\u00fcckfragen erreichen Sie die Datenschutzbeauftragte der Gemeinde Quierschied wie folgt:<br>Tel.: 06897 961-251, Email:&nbsp;<a href=\"mailto:datenschutz@quierschied.de\">datenschutz@quierschied.de<\/a><\/p>\n\n\n\n<p>Selbstverst\u00e4ndlich k\u00f6nnen Sie sich auch in allen Belangen des Datenschutzes an unsere Aufsichtsbeh\u00f6rde wenden:<br>Unabh\u00e4ngiges Datenschutzzentrum Saarland<br>Die Landesbeauftragte f\u00fcr Datenschutz und Informationsfreiheit<br>Frau Monika Grethel<br>Fritz-Dobisch-Stra\u00dfe 12<br>66111 Saarbr\u00fccken<br>Telefon: +49 681 94781-0<br>Telefax: +49 681 94781-29<br>E-Mail:&nbsp;<a href=\"mailto:poststelle@datenschutz.saarland.de\">poststelle@datenschutz.saarland.de<\/a><\/p>\n\n\n\n<p>6. Soweit \u00fcber dieses Internet-Angebot personenbezogene Daten verarbeitet werden, haben Sie jederzeit das Recht auf Auskunft \u00fcber den Umfang, Erhebungs- und Verarbeitungszweck sowie die Herkunft der betreffenden Daten. Bei Vorliegen der gesetzlichen Voraussetzungen k\u00f6nnen Sie dar\u00fcber hinaus die Berichtigung, eine Beschr\u00e4nkung der Verarbeitung sowie die L\u00f6schung der Sie betreffenden personenbezogenen Daten von uns verlangen.<\/p>\n\n\n\n<p>7. Wir haben in unserem Internet-Angebot Verweise auf Angebote anderer Anbieter angebracht. Mit Bet\u00e4tigen eines solchen Links verlassen Sie unser Internet-Angebot auch dann, wenn sie zu einer von uns \u00fcber einen Drittanbieter wie z.B. Facebook angebotenen Pr\u00e4senz gelangen m\u00f6chten. Auf die technische Gestaltung dieser Angebote und die damit einhergehende Verarbeitung Ihrer Person zuzuordnenden Daten haben wir keinen Einfluss. Bitte beachten Sie die Datenschutzhinweise des jeweiligen Dienstenabieters.<\/p>\n\n\n\n<p>Sie haben die M\u00f6glichkeit zu verhindern, dass von Ihnen hier get\u00e4tigte Aktionen analysiert und verkn\u00fcpft werden. Dies wird Ihre Privatsph\u00e4re sch\u00fctzen, aber wird auch den Besitzer daran hindern, aus Ihren Aktionen zu lernen und die Bedienbarkeit f\u00fcr Sie und andere Benutzer zu verbessern.<\/p>\n\n\n\n<p><strong>Kontaktaufnahme\/ Kontaktformular<\/strong><\/p>\n\n\n\n<p>Bei Ihrer Kontaktaufnahme mit uns per E-Mail, Fax, Telefon, Post oder mittels unseres Kontaktformulars werden die von Ihnen mitgeteilten Daten (z. B. E-Mail-Adresse, Name, Telefonnummer, Adresse) von uns verarbeitet, um Ihre Anfragen zu beantworten oder Ihnen Infomaterial zu senden. Hierzu sind wir gem\u00e4\u00df Art. 6 Abs. 1 lit. b DSGVO berechtigt. Die Daten der Nutzer k\u00f6nnen zudem in einem Customer-Relationship-Management System (&#8222;CRM System&#8220;) oder in vergleichbaren Datenbanken gespeichert werden.<br>Wir l\u00f6schen s\u00e4mtliche Daten, nachdem die Speicherung nicht mehr erforderlich ist, oder schr\u00e4nken die Verarbeitung ein, falls gesetzliche Aufbewahrungspflichten bestehen.<\/p>\n","protected":false},"excerpt":{"rendered":"<p>Die nachfolgende Datenschutzerkl\u00e4rung umfasst die im Zusammenhang mit der Nutzung der Internet-Angebote, die unter der Adresse www.kinder-quierschied.de abgerufen werden k\u00f6nnen, stattfindenden Verarbeitungsvorg\u00e4nge personenbezogener Daten durch die Gemeinde Quierschied, Rathausplatz 1, 66287 Quierschied, vertreten durch Herrn B\u00fcrgermeister Lutz Maurer. Hier geht es zur Cookie-Richtlinien-Seite. 1. Die Nutzung dieses Internet-Angebots ist grunds\u00e4tzlich ohne die Angabe personenbezogener Daten [&hellip;]<\/p>\n","protected":false},"author":1,"featured_media":0,"parent":0,"menu_order":0,"comment_status":"closed","ping_status":"closed","template":"","meta":{"footnotes":""},"class_list":["post-416","page","type-page","status-publish","hentry"],"_links":{"self":[{"href":"https:\/\/kinder-quierschied.de\/index.php?rest_route=\/wp\/v2\/pages\/416","targetHints":{"allow":["GET"]}}],"collection":[{"href":"https:\/\/kinder-quierschied.de\/index.php?rest_route=\/wp\/v2\/pages"}],"about":[{"href":"https:\/\/kinder-quierschied.de\/index.php?rest_route=\/wp\/v2\/types\/page"}],"author":[{"embeddable":true,"href":"https:\/\/kinder-quierschied.de\/index.php?rest_route=\/wp\/v2\/users\/1"}],"replies":[{"embeddable":true,"href":"https:\/\/kinder-quierschied.de\/index.php?rest_route=%2Fwp%2Fv2%2Fcomments&post=416"}],"version-history":[{"count":1,"href":"https:\/\/kinder-quierschied.de\/index.php?rest_route=\/wp\/v2\/pages\/416\/revisions"}],"predecessor-version":[{"id":2019,"href":"https:\/\/kinder-quierschied.de\/index.php?rest_route=\/wp\/v2\/pages\/416\/revisions\/2019"}],"wp:attachment":[{"href":"https:\/\/kinder-quierschied.de\/index.php?rest_route=%2Fwp%2Fv2%2Fmedia&parent=416"}],"curies":[{"name":"wp","href":"https:\/\/api.w.org\/{rel}","templated":true}]}}