{"id":228,"date":"2024-02-01T13:39:12","date_gmt":"2024-02-01T13:39:12","guid":{"rendered":"https:\/\/lasbachschule.de\/?page_id=228"},"modified":"2025-10-09T13:42:29","modified_gmt":"2025-10-09T11:42:29","slug":"ueber-uns","status":"publish","type":"page","link":"https:\/\/kinder-quierschied.de\/?page_id=228","title":{"rendered":"\u00dcber uns"},"content":{"rendered":"\n<p class=\"has-text-align-center has-large-font-size\"><strong>Team im Schuljahr 2025 \/ 2026<\/strong><\/p>\n\n\n\n<p class=\"has-text-align-center\"><strong>1. Schuljahr<\/strong><\/p>\n\n\n\n<p>Klasse 1.1: Drachenklasse: Silvia Samsel <\/p>\n\n\n\n<p>Klasse 1.2: Eulenklasse: Natascha Guilpain <\/p>\n\n\n\n<p>Klasse 1.3: Ameisenklasse: Kerstin Klein <\/p>\n\n\n\n<p>Klasse 1.4: Nilpferdklasse: Sofia Berwanger <\/p>\n\n\n\n<p><\/p>\n\n\n\n<p class=\"has-text-align-center\"><strong>2. Schuljahr<\/strong><\/p>\n\n\n\n<p>Klasse 2.1: Monsterklasse: Julia K\u00f6nighaus <\/p>\n\n\n\n<p>Klasse 2.2: Koalaklasse: Christiane Gozemba <\/p>\n\n\n\n<p>Klasse 2.3: Wolfklasse: Bettina Malter <\/p>\n\n\n\n<p><\/p>\n\n\n\n<p class=\"has-text-align-center\"><strong>3. Schuljahr<\/strong><\/p>\n\n\n\n<p>Klasse 3.1: Eisb\u00e4rklasse: Kathrin Kausch <\/p>\n\n\n\n<p>Klasse 3.2: Mompitzklasse: Sabine Fries <\/p>\n\n\n\n<p>Klasse 3.3: Fledermausklasse: Doris Scherer <\/p>\n\n\n\n<p>Klasse 3.4: Schildkr\u00f6tenklasse: Michelle Ebert <\/p>\n\n\n\n<p><\/p>\n\n\n\n<p class=\"has-text-align-center\"><strong>4. Schuljahr<\/strong><\/p>\n\n\n\n<p>Klasse 4.1: Fuchsklasse: Alexa Burkholz <\/p>\n\n\n\n<p>Klasse 4.2: Erdm\u00e4nnchenklasse: Susanne Schumacher <\/p>\n\n\n\n<p>Klasse 4.3: Waschb\u00e4renklasse: Aurelia Kornbrust <\/p>\n\n\n\n<p><\/p>\n\n\n\n<p><\/p>\n\n\n\n<p><\/p>\n\n\n\n<p><\/p>\n\n\n\n<p><strong>Fachlehrer*innen:<\/strong> Vera Friedling , Timm Schwang<\/p>\n\n\n\n<p><strong>Lehramtsanw\u00e4rterin: <\/strong>Jana Sch\u00fctze <\/p>\n\n\n\n<p><strong>F\u00f6rderschullehrerinnen: <\/strong>Meike Schneider, Friederike Germer-Sens<\/p>\n\n\n\n<p><strong>Sprachf\u00f6rderlehrerin:<\/strong> Susanne Walter-Decker<\/p>\n\n\n\n<p><strong>Schulsozialarbeiterin:<\/strong> Hanna Lindemann <\/p>\n\n\n\n<p><strong>Sekret\u00e4rin: <\/strong>Ute Recktenwald <\/p>\n\n\n\n<p><strong>Hausmeister<\/strong>: Markus Will <\/p>\n\n\n\n<p class=\"has-text-align-center has-large-font-size\"><strong>Schulordnung<\/strong><\/p>\n\n\n\n<p><strong><em>Gemeinsam wollen wir daf\u00fcr sorgen, dass sich alle an unserer Schule wohlf\u00fchlen, in Ruhe lernen und lehren.<\/em><\/strong><\/p>\n\n\n\n<p><strong>Unterrichtsbeginn<\/strong><\/p>\n\n\n\n<ul class=\"wp-block-list\">\n<li>Der Unterricht beginnt um 7:50 Uhr.<\/li>\n\n\n\n<li>Ab 7:30 Uhr d\u00fcrfen wir in das Schulgeb\u00e4ude (offener Anfang).<\/li>\n<\/ul>\n\n\n\n<p><strong>Verhalten im Schulgeb\u00e4ude<\/strong><\/p>\n\n\n\n<ul class=\"wp-block-list\">\n<li>Im Schulgeb\u00e4ude gehen wir langsam und verhalten uns leise.<\/li>\n\n\n\n<li>Kaugummis sind im Schulgeb\u00e4ude und auf dem gesamten Schulgel\u00e4nde verboten.<\/li>\n\n\n\n<li>Wir achten auf Sauberkeit im Schulgeb\u00e4ude.<\/li>\n\n\n\n<li>Handys und Smartwatches sind auf dem Schulgel\u00e4nde und w\u00e4hrend des Unterrichts verboten. Erlaubt ist, diese ausgeschaltet im Schulranzen zu verwahren. Erst nach Schulschluss und au\u00dferhalb des Schulgel\u00e4ndes d\u00fcrfen diese Ger\u00e4te eingeschaltet und genutzt werden.<\/li>\n<\/ul>\n\n\n\n<p><strong>Pausenfr\u00fchst\u00fcck<\/strong><\/p>\n\n\n\n<ul class=\"wp-block-list\">\n<li>Wir fr\u00fchst\u00fccken gemeinsam im Klassenraum und achten auf ein gesundes Fr\u00fchst\u00fcck.<\/li>\n\n\n\n<li>Wir trinken bevorzugt unges\u00fc\u00dften Tee und Wasser bzw. Sprudel.<\/li>\n<\/ul>\n\n\n\n<p><strong>Hofpause<\/strong><\/p>\n\n\n\n<ul class=\"wp-block-list\">\n<li>Wir folgen den Anweisungen der Aufsicht.<\/li>\n\n\n\n<li>Bei Problemen wenden wir uns an die Aufsicht.<\/li>\n\n\n\n<li>Wir achten auf ein friedliches Miteinander.<\/li>\n\n\n\n<li>Wir verbringen die Pause auf dem Schulhof und verlassen das Schulgel\u00e4nde nicht.<\/li>\n\n\n\n<li>Wir werfen nicht mit Gegenst\u00e4nden (Steine, Schneeb\u00e4lle, usw.).<\/li>\n<\/ul>\n\n\n\n<p><strong>Regenpause<\/strong><\/p>\n\n\n\n<ul class=\"wp-block-list\">\n<li>Im Falle einer Regenpause informiert die Pausenaufsicht die Klassen.<\/li>\n\n\n\n<li>Wir bleiben im Klassensaal und besch\u00e4ftigen uns leise (spielen, malen, lesen, fr\u00fchst\u00fccken usw.).<\/li>\n<\/ul>\n\n\n\n<p><strong>Toiletten<\/strong><\/p>\n\n\n\n<ul class=\"wp-block-list\">\n<li>Wir gehen nach M\u00f6glichkeit in den Pausen zur Toilette.<\/li>\n\n\n\n<li>Wir halten die Toilettenr\u00e4ume sauber, sie sind kein Spielplatz und kein Aufenthaltsraum.<\/li>\n\n\n\n<li>Wir denken an das H\u00e4ndewaschen.<\/li>\n<\/ul>\n\n\n\n<p><strong>Verhalten am und im Bus<\/strong><\/p>\n\n\n\n<ul class=\"wp-block-list\">\n<li>Auf Anweisung der aufsichtsf\u00fchrenden Lehrperson steigen wir ohne zu dr\u00e4ngeln in den Bus ein.<\/li>\n\n\n\n<li>W\u00e4hrend der Fahrt bleiben wir ruhig sitzen und stehen erst auf, wenn der Bus steht.<\/li>\n<\/ul>\n\n\n\n<p><strong>Eltern<\/strong><\/p>\n\n\n\n<ul class=\"wp-block-list\">\n<li>Wir sorgen daf\u00fcr, dass die Kinder p\u00fcnktlich mit den ben\u00f6tigten Arbeitsmitteln zur Schule kommen.<\/li>\n\n\n\n<li>Wir beteiligen uns an Aktivit\u00e4ten der Schule und besuchen nach M\u00f6glichkeit Elternabende.<\/li>\n\n\n\n<li>Bei Krankheit sprechen wir morgens vor Unterrichtsbeginn (<strong>bis 7.15 Uhr<\/strong>) auf den Krankmeldungs-Anrufbeantworter.<\/li>\n<\/ul>\n\n\n\n<p><strong>Telefonnummer: 06897 \u2013 6 01 00 27<\/strong><\/p>\n\n\n\n<p><strong>Parken<\/strong><\/p>\n\n\n\n<ul class=\"wp-block-list\">\n<li>Vor der Schule und an der Bushaltestelle herrscht absolutes Halteverbot.<\/li>\n<\/ul>\n\n\n\n<p><\/p>\n\n\n\n<p><\/p>\n","protected":false},"excerpt":{"rendered":"<p>Team im Schuljahr 2025 \/ 2026 1. Schuljahr Klasse 1.1: Drachenklasse: Silvia Samsel Klasse 1.2: Eulenklasse: Natascha Guilpain Klasse 1.3: Ameisenklasse: Kerstin Klein Klasse 1.4: Nilpferdklasse: Sofia Berwanger 2. Schuljahr Klasse 2.1: Monsterklasse: Julia K\u00f6nighaus Klasse 2.2: Koalaklasse: Christiane Gozemba Klasse 2.3: Wolfklasse: Bettina Malter 3. Schuljahr Klasse 3.1: Eisb\u00e4rklasse: Kathrin Kausch Klasse 3.2: Mompitzklasse: [&hellip;]<\/p>\n","protected":false},"author":1,"featured_media":0,"parent":53,"menu_order":0,"comment_status":"closed","ping_status":"closed","template":"","meta":{"footnotes":""},"class_list":["post-228","page","type-page","status-publish","hentry"],"_links":{"self":[{"href":"https:\/\/kinder-quierschied.de\/index.php?rest_route=\/wp\/v2\/pages\/228","targetHints":{"allow":["GET"]}}],"collection":[{"href":"https:\/\/kinder-quierschied.de\/index.php?rest_route=\/wp\/v2\/pages"}],"about":[{"href":"https:\/\/kinder-quierschied.de\/index.php?rest_route=\/wp\/v2\/types\/page"}],"author":[{"embeddable":true,"href":"https:\/\/kinder-quierschied.de\/index.php?rest_route=\/wp\/v2\/users\/1"}],"replies":[{"embeddable":true,"href":"https:\/\/kinder-quierschied.de\/index.php?rest_route=%2Fwp%2Fv2%2Fcomments&post=228"}],"version-history":[{"count":6,"href":"https:\/\/kinder-quierschied.de\/index.php?rest_route=\/wp\/v2\/pages\/228\/revisions"}],"predecessor-version":[{"id":2312,"href":"https:\/\/kinder-quierschied.de\/index.php?rest_route=\/wp\/v2\/pages\/228\/revisions\/2312"}],"up":[{"embeddable":true,"href":"https:\/\/kinder-quierschied.de\/index.php?rest_route=\/wp\/v2\/pages\/53"}],"wp:attachment":[{"href":"https:\/\/kinder-quierschied.de\/index.php?rest_route=%2Fwp%2Fv2%2Fmedia&parent=228"}],"curies":[{"name":"wp","href":"https:\/\/api.w.org\/{rel}","templated":true}]}}